{"id":13773,"date":"2024-05-17T00:20:13","date_gmt":"2024-05-16T21:20:13","guid":{"rendered":"https:\/\/tokatsultan.com\/?page_id=13773"},"modified":"2024-05-17T01:16:22","modified_gmt":"2024-05-16T22:16:22","slug":"biz-kimiz","status":"publish","type":"page","link":"https:\/\/tokatsultan.com\/?page_id=13773","title":{"rendered":"Biz Kimiz?"},"content":{"rendered":"\t\t<div data-elementor-type=\"wp-page\" data-elementor-id=\"13773\" class=\"elementor elementor-13773\">\n\t\t\t\t\t\t<section class=\"elementor-section elementor-top-section elementor-element elementor-element-da922c2 elementor-section-boxed elementor-section-height-default elementor-section-height-default\" data-id=\"da922c2\" data-element_type=\"section\" data-e-type=\"section\">\n\t\t\t\t\t\t<div class=\"elementor-container elementor-column-gap-default\">\n\t\t\t\t\t<div class=\"elementor-column elementor-col-100 elementor-top-column elementor-element elementor-element-f4e79bd\" data-id=\"f4e79bd\" data-element_type=\"column\" data-e-type=\"column\">\n\t\t\t<div class=\"elementor-widget-wrap elementor-element-populated\">\n\t\t\t\t\t\t<div class=\"elementor-element elementor-element-9916c53 elementor-widget elementor-widget-image\" data-id=\"9916c53\" data-element_type=\"widget\" data-e-type=\"widget\" data-widget_type=\"image.default\">\n\t\t\t\t<div class=\"elementor-widget-container\">\n\t\t\t\t\t\t\t\t\t\t\t\t\t\t\t<img fetchpriority=\"high\" decoding=\"async\" width=\"1120\" height=\"450\" src=\"https:\/\/tokatsultan.com\/wp-content\/uploads\/2024\/05\/kabuk3-1.jpg\" class=\"attachment-full size-full wp-image-13833\" alt=\"\" srcset=\"https:\/\/tokatsultan.com\/wp-content\/uploads\/2024\/05\/kabuk3-1.jpg 1120w, https:\/\/tokatsultan.com\/wp-content\/uploads\/2024\/05\/kabuk3-1-300x121.jpg 300w, https:\/\/tokatsultan.com\/wp-content\/uploads\/2024\/05\/kabuk3-1-1024x411.jpg 1024w, https:\/\/tokatsultan.com\/wp-content\/uploads\/2024\/05\/kabuk3-1-768x309.jpg 768w\" sizes=\"(max-width: 1120px) 100vw, 1120px\" \/>\t\t\t\t\t\t\t\t\t\t\t\t\t\t\t<\/div>\n\t\t\t\t<\/div>\n\t\t\t\t\t<\/div>\n\t\t<\/div>\n\t\t\t\t\t<\/div>\n\t\t<\/section>\n\t\t\t\t<section class=\"elementor-section elementor-top-section elementor-element elementor-element-dfb67a1 elementor-section-boxed elementor-section-height-default elementor-section-height-default\" data-id=\"dfb67a1\" data-element_type=\"section\" data-e-type=\"section\">\n\t\t\t\t\t\t<div class=\"elementor-container elementor-column-gap-default\">\n\t\t\t\t\t<div class=\"elementor-column elementor-col-100 elementor-top-column elementor-element elementor-element-ad2bf60\" data-id=\"ad2bf60\" data-element_type=\"column\" data-e-type=\"column\">\n\t\t\t<div class=\"elementor-widget-wrap elementor-element-populated\">\n\t\t\t\t\t\t<div class=\"elementor-element elementor-element-75425cd elementor-widget-divider--separator-type-pattern elementor-widget-divider--no-spacing elementor-widget-divider--view-line elementor-widget elementor-widget-divider\" data-id=\"75425cd\" data-element_type=\"widget\" data-e-type=\"widget\" data-widget_type=\"divider.default\">\n\t\t\t\t<div class=\"elementor-widget-container\">\n\t\t\t\t\t\t\t<div class=\"elementor-divider\" style=\"--divider-pattern-url: url(&quot;data:image\/svg+xml,%3Csvg xmlns=&#039;http:\/\/www.w3.org\/2000\/svg&#039; preserveAspectRatio=&#039;xMidYMid meet&#039; overflow=&#039;visible&#039; height=&#039;100%&#039; viewBox=&#039;0 0 120 26&#039; fill=&#039;black&#039; stroke=&#039;none&#039;%3E%3Cpolygon points=&#039;0,14.4 0,21 11.5,12.4 21.3,20 30.4,11.1 40.3,20 51,12.4 60.6,20 69.6,11.1 79.3,20 90.1,12.4 99.6,20 109.7,11.1 120,21 120,14.4 109.7,5 99.6,13 90.1,5 79.3,14.5 71,5.7 60.6,12.4 51,5 40.3,14.5 31.1,5 21.3,13 11.5,5 \t&#039;\/%3E%3C\/svg%3E&quot;);\">\n\t\t\t<span class=\"elementor-divider-separator\">\n\t\t\t\t\t\t<\/span>\n\t\t<\/div>\n\t\t\t\t\t\t<\/div>\n\t\t\t\t<\/div>\n\t\t\t\t\t<\/div>\n\t\t<\/div>\n\t\t\t\t\t<\/div>\n\t\t<\/section>\n\t\t\t\t<section class=\"elementor-section elementor-top-section elementor-element elementor-element-4bf8483 elementor-section-boxed elementor-section-height-default elementor-section-height-default\" data-id=\"4bf8483\" data-element_type=\"section\" data-e-type=\"section\">\n\t\t\t\t\t\t<div class=\"elementor-container elementor-column-gap-default\">\n\t\t\t\t\t<div class=\"elementor-column elementor-col-100 elementor-top-column elementor-element elementor-element-6049ade\" data-id=\"6049ade\" data-element_type=\"column\" data-e-type=\"column\">\n\t\t\t<div class=\"elementor-widget-wrap elementor-element-populated\">\n\t\t\t\t\t\t<div class=\"elementor-element elementor-element-ab5afc3 elementor-widget elementor-widget-text-editor\" data-id=\"ab5afc3\" data-element_type=\"widget\" data-e-type=\"widget\" data-widget_type=\"text-editor.default\">\n\t\t\t\t<div class=\"elementor-widget-container\">\n\t\t\t\t\t\t\t\t\t<strong>Vizyonumuz:<\/strong><br>\nRestauran sekt\u00f6r\u00fcnde m\u00fc\u015fteri memnuniyeti ve hijyen kurallar\u0131na odakl\u0131 hizmet anlay\u0131\u015f\u0131yla Tokat&#8217;n\u0131n ilk akla gelen ve tercih edilen markas\u0131 olmak. Do\u011fru kalite\/fiyat oran\u0131n\u0131 sa\u011flayarak geni\u015f \u00fcr\u00fcn yelpazesi ile t\u00fcketici beklentilerini en \u00fcst d\u00fczeyde kar\u015f\u0131lamak.\n<br><br>\n\n<strong>Misyonumuz:<\/strong><br>\nRestauran sekt\u00f6r\u00fcnde m\u00fc\u015fterilerimizin beklentilerini; mamullerimizi her zaman taze, leziz ve hijyen ilkelerine uygun, nitelikli ve g\u00fcler y\u00fczl\u00fc personellerimizin sunumuyla, s\u00fcrekli ve a\u015farak kar\u015f\u0131lamakt\u0131r.\n<br><br>\n<strong>De\u011ferlerimiz:<\/strong><br>\n&#8211; Kaliteli ve uzman kadro<br>\n&#8211; Temiz, hijyenik ve g\u00fcvenilir bir \u00fcretim<br>\n&#8211; Daima en iyiyi \u00fcretme politikas\u0131<BR> &#8211; En sa\u011fl\u0131kl\u0131, en kaliteli ve en lezzetli \u00fcr\u00fcnler<br>\n&#8211; Taptaze, s\u0131ms\u0131cak \u00fcr\u00fcnler<br>\n&#8211; G\u00fcler y\u00fczl\u00fc ve h\u0131zl\u0131 hizmet\t\t\t\t\t\t\t\t<\/div>\n\t\t\t\t<\/div>\n\t\t\t\t\t<\/div>\n\t\t<\/div>\n\t\t\t\t\t<\/div>\n\t\t<\/section>\n\t\t\t\t<section class=\"elementor-section elementor-top-section elementor-element elementor-element-ebee673 elementor-section-boxed elementor-section-height-default elementor-section-height-default\" data-id=\"ebee673\" data-element_type=\"section\" data-e-type=\"section\">\n\t\t\t\t\t\t<div class=\"elementor-container elementor-column-gap-default\">\n\t\t\t\t\t<div class=\"elementor-column elementor-col-100 elementor-top-column elementor-element elementor-element-0ad611b\" data-id=\"0ad611b\" data-element_type=\"column\" data-e-type=\"column\">\n\t\t\t<div class=\"elementor-widget-wrap elementor-element-populated\">\n\t\t\t\t\t\t<div class=\"elementor-element elementor-element-8827047 elementor-view-framed elementor-shape-circle elementor-widget elementor-widget-icon\" data-id=\"8827047\" data-element_type=\"widget\" data-e-type=\"widget\" data-widget_type=\"icon.default\">\n\t\t\t\t<div class=\"elementor-widget-container\">\n\t\t\t\t\t\t\t<div class=\"elementor-icon-wrapper\">\n\t\t\t<div class=\"elementor-icon\">\n\t\t\t<i aria-hidden=\"true\" class=\"fas fa-thumbs-up\"><\/i>\t\t\t<\/div>\n\t\t<\/div>\n\t\t\t\t\t\t<\/div>\n\t\t\t\t<\/div>\n\t\t\t\t\t<\/div>\n\t\t<\/div>\n\t\t\t\t\t<\/div>\n\t\t<\/section>\n\t\t\t\t<\/div>\n\t\t","protected":false},"excerpt":{"rendered":"<p>Vizyonumuz: Restauran sekt\u00f6r\u00fcnde m\u00fc\u015fteri memnuniyeti ve hijyen kurallar\u0131na odakl\u0131 hizmet anlay\u0131\u015f\u0131yla Tokat&#8217;n\u0131n ilk akla gelen ve tercih edilen markas\u0131 olmak. Do\u011fru kalite\/fiyat oran\u0131n\u0131 sa\u011flayarak geni\u015f \u00fcr\u00fcn yelpazesi ile t\u00fcketici beklentilerini en \u00fcst d\u00fczeyde kar\u015f\u0131lamak. Misyonumuz: Restauran sekt\u00f6r\u00fcnde m\u00fc\u015fterilerimizin beklentilerini; mamullerimizi her zaman taze, leziz ve hijyen ilkelerine uygun, nitelikli ve g\u00fcler y\u00fczl\u00fc personellerimizin sunumuyla, s\u00fcrekli ve a\u015farak kar\u015f\u0131lamakt\u0131r. De\u011ferlerimiz: &#8211; Kaliteli ve uzman kadro &#8211; Temiz, hijyenik ve g\u00fcvenilir bir \u00fcretim &#8211; Daima en iyiyi \u00fcretme politikas\u0131 &#8211; En sa\u011fl\u0131kl\u0131, en kaliteli ve en lezzetli \u00fcr\u00fcnler &#8211; Taptaze, s\u0131ms\u0131cak \u00fcr\u00fcnler &#8211; G\u00fcler y\u00fczl\u00fc ve h\u0131zl\u0131 hizmet<\/p>\n","protected":false},"author":1,"featured_media":0,"parent":0,"menu_order":0,"comment_status":"closed","ping_status":"closed","template":"","meta":{"footnotes":""},"class_list":["post-13773","page","type-page","status-publish","hentry"],"_links":{"self":[{"href":"https:\/\/tokatsultan.com\/index.php?rest_route=\/wp\/v2\/pages\/13773","targetHints":{"allow":["GET"]}}],"collection":[{"href":"https:\/\/tokatsultan.com\/index.php?rest_route=\/wp\/v2\/pages"}],"about":[{"href":"https:\/\/tokatsultan.com\/index.php?rest_route=\/wp\/v2\/types\/page"}],"author":[{"embeddable":true,"href":"https:\/\/tokatsultan.com\/index.php?rest_route=\/wp\/v2\/users\/1"}],"replies":[{"embeddable":true,"href":"https:\/\/tokatsultan.com\/index.php?rest_route=%2Fwp%2Fv2%2Fcomments&post=13773"}],"version-history":[{"count":19,"href":"https:\/\/tokatsultan.com\/index.php?rest_route=\/wp\/v2\/pages\/13773\/revisions"}],"predecessor-version":[{"id":13839,"href":"https:\/\/tokatsultan.com\/index.php?rest_route=\/wp\/v2\/pages\/13773\/revisions\/13839"}],"wp:attachment":[{"href":"https:\/\/tokatsultan.com\/index.php?rest_route=%2Fwp%2Fv2%2Fmedia&parent=13773"}],"curies":[{"name":"wp","href":"https:\/\/api.w.org\/{rel}","templated":true}]}}